ousands digit of 252087?
2
What is the ten millions digit of 21103939?
2
What is the ten thousands digit of 466449?
6
What is the hundreds digit of 162588?
5
What is the hundreds digit of 4579150?
1
What is the ten millions digit of 28281553?
2
What is the tens digit of 26695934?
3
What is the millions digit of 1636950?
1
What is the tens digit of 929746?
4
What is the ten thousands digit of 1469642?
6
What is the ten millions digit of 19729081?
1
What is the thousands digit of 580154?
0
What is the tens digit of 90784?
8
What is the ten thousands digit of 1043119?
4
What is the tens digit of 468990?
9
What is the hundred thousands digit of 189121?
1
What is the ten thousands digit of 401211?
0
What is the units digit of 2749083?
3
What is the ten thousands digit of 408738?
0
What is the thousands digit of 3173847?
3
What is the millions digit of 8169488?
8
What is the millions digit of 22808869?
2
What is the tens digit of 1525962?
6
What is the ten thousands digit of 4219497?
1
What is the ten thousands digit of 591199?
9
What is the ten thousands digit of 1024339?
2
What is the units digit of 35423568?
8
What is the tens digit of 1911304?
0
What is the tens digit of 291201?
0
What is the ten thousands digit of 183296?
8
What is the hundreds digit of 2310680?
6
What is the thousands digit of 67851?
7
What is the thousands digit of 354711?
4
What is the tens digit of 3343509?
0
What is the units digit of 1338122?
2
What is the thousands digit of 42362?
2
What is the ten thousands digit of 11462970?
6
What is the hundreds digit of 221894?
8
What is the ten thousands digit of 51011?
5
What is the ten millions digit of 14880870?
1
What is the thousands digit of 3919959?
9
What is the hundred thousands digit of 154170?
1
What is the hundreds digit of 245189?
1
What is the millions digit of 16283415?
6
What is the ten thousands digit of 5012858?
1
What is the tens digit of 106544?
4
What is the thousands digit of 4220170?
0
What is the ten thousands digit of 253942?
5
What is the units digit of 4588429?
9
What is the millions digit of 2902637?
2
What is the units digit of 767345?
5
What is the thousands digit of 137928?
7
What is the units digit of 15967051?
1
What is the thousands digit of 23675765?
5
What is the hundreds digit of 12016?
0
What is the hundreds digit of 1539653?
6
What is the thousands digit of 505313?
5
What is the ten thousands digit of 2914751?
1
What is the tens digit of 400357?
5
What is the hundred thousands digit of 180044?
1
What is the thousands digit of 256578?
6
What is the thousands digit of 229129?
9
What is the units digit of 2500208?
8
What is the tens digit of 594673?
7
What is the tens digit of 951602?
0
What is the millions digit of 1999644?
1
What is the millions digit of 10610751?
0
What is the hundreds digit of 863689?
6
What is the ten millions digit of 12039911?
1
What is the units digit of 1055813?
3
What is the hundreds digit of 573034?
0
What is the units digit of 656324?
4
What is the tens digit of 417914?
1
What is the thousands digit of 34649963?
9
What is the ten thousands digit of 25886?
2
What is the hundred thousands digit of 22058832?
0
What is the tens digit of 47494?
9
What is the tens digit of 475587?
8
What is the thousands digit of 13788343?
8
What is the hundred thousands digit of 4396054?
3
What is the hundreds digit of 344666?
6
What is the hundred thousands digit of 207040?
2
What is the tens digit of 8016373?
7
What is the hundred thousands digit of 592886?
5
What is the thousands digit of 472049?
2
What is the millions digit of 1321072?
1
What is the ten thousands digit of 576045?
7
What is the hundreds digit of 21497513?
5
What is the units digit of 2552831?
1
What is the tens digit of 3111055?
5
What is the tens digit of 8731695?
9
What is the ten millions digit of 17516194?
1
What is the hundred thousands digit of 238821?
2
What is the tens digit of 2003784?
8
What is the ten thousands digit of 307426?
0
What is the tens digit of 847335?
3
What is the millions digit of 12606499?
2
What is the units digit of 110648?
8
What is the hundreds digit of 9618925?
9
What is the hundreds digit of 4147512?
5
What is the hundred thousands digit of 762430?
7
What is the hundred thousands digit of 4445384?
4
What is the tens digit of 1830769?
6
What is the hundred thousands digit of 739357?
7
What is the ten thousands digit of 486908?
8
What is the millions digit of 3116159?
3
What is the hundreds digit of 100155?
1
What is the hundreds digit of 383235?
2
What is the ten thousands digit of 394385?
9
What is the ten thousands digit of 517575?
1
What is the hundreds digit of 15864159?
1
What is the hundreds digit of 20153767?
7
What is the hundreds digit of 1156361?
3
What is the hundred thousands digit of 1879170?
8
What is the hundred thousands digit of 513869?
5
What is the hundreds digit of 233680?
6
What is the ten thousands digit of 578257?
7
What is the units digit of 1683480?
0
What is the tens digit of 6867868?
6
What is the ten thousands digit of 403086?
0
What is the units digit of 3907459?
9
What is the hundreds digit of 222610?
6
What is the hundreds digit of 2303626?
6
What is the units digit of 2753232?
2
What is the hundred thousands digit of 17550452?
5
What is the ten thousands digit of 376176?
7
What is the tens digit of 21229818?
1
What is the hundred thousands digit of 1087226?
0
What is the hundreds digit of 315733?
7
What is the ten millions digit of 13296635?
1
What is the hundred thousands digit of 1214297?
2
What is the hundred thousands digit of 206888?
2
What is the hundred thousands digit of 5236181?
2
What is the units digit of 192323?
3
What is the hundreds digit of 10081?
0
What is the hundreds digit of 244918?
9
What is the hundred thousands digit of 1096414?
0
What is the thousands digit of 235834?
5
What is the hundreds digit of 805369?
3
What is the hundreds digit of 26791780?
7
What is the units digit of 38277097?
7
What is the hundreds digit of 11863077?
0
What is the hundred thousands digit of 473621?
4
What is the tens digit of 710813?
1
What is the hundreds digit of 937999?
9
What is the thousands digit of 3867947?
7
What is the units digit of 509026?
6
What is the ten thousands digit of 370111?
7
What is the tens digit of 14945156?
5
What is the units digit of 760541?
1
What is the units digit of 91487?
7
What is the thousands digit of 253550?
3
What is the thousands digit of 616640?
6
What is the units digit of 1196111?
1
What is the ten thousands digit of 715987?
1
What is the thousands digit of 3070999?
0
What is the thousands digit of 1642973?
2
What is the units digit of 369396?
6
What is the units digit of 2950688?
8
What is the hundreds digit of 112222?
2
What is the units digit of 16552479?
9
What is the tens digit of 3142425?
2
What is the units digit of 193045?
5
What is the thousands digit of 144840?
4
What is the millions digit of 1057652?
1
What is the thousands digit of 47204?
7
What is the hundred thousands digit of 1478454?
4
What is the ten millions digit of 26252850?
2
What is the ten thousands digit of 4331946?
3
What is the thousands digit of 228921?
8
What is the ten thousands digit of 583079?
8
What is the tens digit of 2224506?
0
What is the hundreds digit of 1951473?
4
What is the thousands digit of 2669546?
9
What is the units digit of 442469?
9
What is the thousands digit of 2496207?
6
What is the thousands digit of 31655?
1
What is the millions digit of 1250861?
1
What is the units digit of 2475776?
6
What is the tens digit of 13543?
4
What is the units digit of 10565510?
0
What is the hundreds digit of 185796?
7
What is the hundreds digit of 600255?
2
What is the ten thousands digit of 6619919?
1
What is the thousands digit of 4026420?
6
What is the units digit of 1705587?
7
What is the millions digit of 8930093?
8
What is the tens digit of 331861?
6
What is the ten millions digit of 11553813?
1
What is the hundreds digit of 8577582?
5
What is the tens digit of 1034847?
4
What is the ten thousands digit of 8547564?
4
What is the tens digit of 94357?
5
What is the units digit of 1333709?
9
What is the hundreds digit of 298546?
5
What is the hundreds digit of 21686219?
2
What is the ten millions digit of 10535320?
1
What is the